eatest common divisor of 2085 and 15.
15
Calculate the greatest common factor of 25 and 475.
25
Calculate the highest common divisor of 3447 and 18.
9
Calculate the greatest common divisor of 85 and 119.
17
What is the highest common factor of 2 and 446?
2
Calculate the greatest common divisor of 25 and 50.
25
What is the greatest common factor of 402 and 469?
67
What is the greatest common divisor of 162 and 126?
18
What is the highest common factor of 50 and 10?
10
Calculate the greatest common divisor of 12 and 816.
12
Calculate the highest common divisor of 399 and 21.
21
What is the greatest common divisor of 12 and 60?
12
Calculate the greatest common factor of 26 and 4.
2
What is the greatest common divisor of 245 and 6545?
35
Calculate the highest common divisor of 176 and 9108.
44
Calculate the highest common divisor of 574 and 164.
82
Calculate the greatest common divisor of 23 and 2783.
23
Calculate the greatest common divisor of 5070 and 375.
15
What is the highest common factor of 312 and 6032?
104
Calculate the highest common factor of 224 and 728.
56
What is the highest common factor of 1135 and 3632?
227
What is the highest common divisor of 301 and 7?
7
Calculate the greatest common divisor of 94 and 8507.
47
What is the highest common divisor of 260 and 416?
52
Calculate the greatest common factor of 2345 and 140.
35
What is the highest common divisor of 572 and 88?
44
Calculate the greatest common factor of 42 and 402.
6
Calculate the greatest common divisor of 17 and 1003.
17
Calculate the greatest common divisor of 22 and 2332.
22
What is the highest common divisor of 652 and 23798?
326
Calculate the highest common factor of 51 and 391.
17
Calculate the highest common divisor of 72 and 63.
9
Calculate the highest common factor of 86 and 1634.
86
Calculate the highest common divisor of 108 and 1926.
18
Calculate the highest common divisor of 28 and 52.
4
Calculate the highest common divisor of 10 and 5690.
10
Calculate the greatest common factor of 20 and 4230.
10
What is the greatest common divisor of 72 and 36?
36
What is the greatest common divisor of 12 and 213?
3
What is the greatest common divisor of 4956 and 588?
84
Calculate the greatest common divisor of 444 and 24.
12
Calculate the greatest common divisor of 583 and 636.
53
Calculate the highest common factor of 32 and 1648.
16
What is the highest common divisor of 6 and 1014?
6
What is the highest common divisor of 108 and 2484?
108
Calculate the greatest common factor of 50 and 2.
2
Calculate the greatest common factor of 60 and 460.
20
What is the greatest common factor of 10 and 710?
10
Calculate the highest common divisor of 229 and 1.
1
What is the greatest common divisor of 41867 and 7?
7
Calculate the greatest common divisor of 13314 and 24.
6
Calculate the highest common divisor of 4 and 44.
4
What is the greatest common factor of 36 and 288?
36
Calculate the greatest common divisor of 1148 and 2419.
41
Calculate the highest common divisor of 4 and 4.
4
Calculate the greatest common divisor of 216 and 10422.
54
What is the greatest common factor of 4370 and 1140?
190
Calculate the highest common divisor of 170 and 221.
17
What is the greatest common divisor of 6979 and 7?
7
What is the greatest common divisor of 1240 and 360?
40
What is the greatest common divisor of 12688 and 39?
13
Calculate the greatest common factor of 30890 and 10.
10
What is the highest common factor of 80 and 2340?
20
What is the highest common factor of 2142 and 54?
18
What is the highest common divisor of 100 and 1760?
20
Calculate the highest common factor of 98 and 17395.
49
Calculate the greatest common divisor of 4 and 500.
4
What is the highest common factor of 78 and 18954?
78
What is the greatest common divisor of 154 and 110?
22
Calculate the greatest common divisor of 98 and 1274.
98
What is the greatest common factor of 32 and 784?
16
What is the highest common divisor of 1450 and 232?
58
What is the greatest common divisor of 38 and 38?
38
What is the greatest common factor of 472 and 8?
8
What is the highest common factor of 7940 and 20?
20
What is the highest common divisor of 14 and 126?
14
What is the greatest common divisor of 2 and 34?
2
Calculate the highest common divisor of 53 and 1007.
53
Calculate the highest common factor of 222 and 48.
6
What is the highest common factor of 14336 and 14?
14
What is the greatest common divisor of 24 and 32?
8
What is the greatest common divisor of 286 and 6446?
22
Calculate the greatest common divisor of 72 and 88.
8
What is the greatest common factor of 140 and 2520?
140
What is the greatest common divisor of 90 and 210?
30
What is the highest common factor of 192 and 1656?
24
Calculate the highest common divisor of 259 and 161.
7
Calculate the greatest common divisor of 90 and 30.
30
What is the greatest common factor of 46010 and 10?
10
What is the highest common divisor of 364 and 91?
91
Calculate the greatest common factor of 132 and 38412.
132
What is the greatest common divisor of 73 and 8760?
73
Calculate the greatest common factor of 2331 and 74.
37
Calculate the highest common divisor of 18 and 12.
6
Calculate the highest common factor of 240 and 400.
80
Calculate the greatest common divisor of 55 and 319.
11
Calculate the greatest common factor of 12154 and 309.
103
Calculate the greatest common factor of 170 and 2295.
85
Calculate the highest common factor of 814 and 74.
74
What is the greatest common divisor of 369 and 639?
9
Calculate the highest common divisor of 1390 and 10.
10
Calculate the highest common factor of 735 and 1995.
105
Calculate the greatest common factor of 44 and 88.
44
Calculate the greatest common factor of 180 and 20.
20
Calculate the highest common factor of 507 and 1443.
39
Calculate the highest common divisor of 2573 and 217.
31
Calculate the greatest common divisor of 55 and 44.
11
Calculate the highest common factor of 88 and 77.
11
Calculate the highest common divisor of 561 and 51.
51
Calculate the greatest common factor of 261 and 203.
29
What is the highest common divisor of 9 and 180?
9
What is the greatest common factor of 16 and 588?
4
What is the highest common divisor of 551 and 323?
19
What is the greatest common divisor of 22 and 1782?
22
What is the greatest common factor of 2 and 134?
2
Calculate the highest common divisor of 56 and 728.
56
Calculate the highest common divisor of 1666 and 34.
34
Calculate the highest common divisor of 1235 and 95.
95
What is the greatest common factor of 4 and 4?
4
Calculate the greatest common factor of 6 and 4377.
3
What is the greatest common factor of 5060 and 115?
115
Calculate the greatest common factor of 15 and 39.
3
What is the greatest common factor of 161 and 28?
7
What is the highest common factor of 17 and 3?
1
What is the greatest common factor of 960 and 45?
15
What is the highest common factor of 180 and 40?
20
Calculate the highest common divisor of 7884 and 216.
108
Calculate the highest common divisor of 152 and 24.
8
What is the greatest common divisor of 1265 and 165?
55
What is the greatest common factor of 3025 and 165?
55
Calculate the highest common factor of 552 and 48.
24
What is the highest common divisor of 72 and 10548?
36
What is the highest common factor of 414 and 276?
138
Calculate the greatest common divisor of 410 and 7585.
205
Calculate the greatest common factor of 15 and 5310.
15
Calculate the greatest common divisor of 32022 and 54.
54
What is the highest common factor of 871 and 469?
67
What is the greatest common factor of 234 and 130?
26
What is the highest common divisor of 2 and 3898?
2
What is the highest common divisor of 585 and 26?
13
What is the highest common factor of 4104 and 504?
72
Calculate the highest common divisor of 224 and 2408.
56
What is the highest common divisor of 47 and 1?
1
What is the highest common divisor of 30 and 12?
6
What is the highest common divisor of 161 and 427?
7
Calculate the highest common divisor of 208 and 247.
13
What is the greatest common factor of 94 and 94?
94
What is the highest common factor of 8730 and 540?
90
What is the highest common factor of 66 and 154?
22
Calculate the greatest common factor of 2175 and 174.
87
What is the greatest com